site number?
True
Let y(x) = 2*x**2 + 9*x - 11. Let j be y(-11). Suppose g - j = -g. Suppose 2*s = g + 44. Is s composite?
True
Suppose 4*g - 6*r - 1434 = -r, 4*r + 1075 = 3*g. Let z = -230 + g. Is z a prime number?
True
Let c(y) = 5*y**2 - 2*y + 1. Let b be c(1). Let k be 34/3*36/8. Suppose 8 = -b*g, -3*d + k = 4*g - g. Is d prime?
True
Let u = 239 + -404. Let q = -118 - u. Is q a composite number?
False
Let l(o) = o**3 + o**2 - o. Let y(f) = -5*f**3 - 5*f**2 + 8*f + 1. Let t(p) = 2*l(p) + y(p). Is t(-4) composite?
True
Is 1755 + (4 - (6 + -3)) + 3 prime?
True
Suppose -4*z + 2696 = -3*v, -z - 3*z + 2712 = v. Is z a composite number?
False
Let u(k) = 2*k**2 - k - 2. Let x be u(2). Suppose -i - s - 2*s = -27, 5*i + x*s - 113 = 0. Is i a composite number?
True
Let p(m) = m**3 - 12*m**2 - 11*m - 17. Is p(13) a prime number?
False
Let r(l) = l**3 - 10*l**2 + l - 8. Let o(a) = 4*a**2 - 2*a - 2. Let s be o(2). Let q be r(s). Suppose 0 = 5*i - 4*m - 171, -q*i = 3*i + 5*m - 135. Is i prime?
True
Suppose 2*r = 2 + 20. Suppose 5*f + i = r, 0 = -i + 6*i - 5. Is ((-5)/((-5)/74))/f a composite number?
False
Suppose 2447 = 5*y + 4*r, -2*y = -6*y + 3*r + 1970. Is y a prime number?
True
Suppose 5*a = 810 + 215. Is a a prime number?
False
Let s(k) = k**3 + 10*k**2 + 9*k - 3. Let z be s(-8). Is (6 - 4) + (z - 2) a composite number?
False
Suppose -3*g = 4*x + 3, 2*g + 0*x = -4*x - 6. Suppose -8*k + g*k = 10, 0 = 4*d - 5*k - 18. Suppose -5*y + 21 = -d*y. Is y composite?
False
Let x(h) = -250*h + 1. Let q be x(-1). Suppose 0 = -0*w - 4*w + 20, -3*a = 4*w - q. Is a composite?
True
Let c be (2 + -2)*(-2)/(-4). Suppose c = -2*n - 5*w - 19, 5*n + 13 = -0*n - w. Is 1/(6/n)*-231 composite?
True
Let n(t) = -78*t + 1. Let y(o) = o + 2 - 5*o + 3*o. Let c be y(3). Is n(c) composite?
False
Let l be 9/5 + 6/30. Suppose a + 839 = 4*r, -4*r + l*r = -5*a - 397. Is r a prime number?
True
Suppose 4*n - 3 = -27. Let t(r) be the third derivative of -3*r**4/8 + r**3/6 - r**2. Is t(n) composite?
True
Suppose 4*v - 43 = -3*l - 15, -v + 3*l - 8 = 0. Suppose -v*p + d + 148 = 0, p - 2*d = -0*d + 37. Is p a composite number?
False
Let x(f) = f**3 + 18*f**2 - 23*f + 17. Is x(-18) prime?
True
Suppose 2*k - 4 = 0, -5*k + 5138 - 333 = 5*n. Is n a composite number?
True
Suppose 0*c - 1 = c. Let v be (-1)/(2*c/4). Suppose -b - 5*g - v = 0, -5*b = -2*g + 3*g - 110. Is b prime?
True
Let v(k) = -24*k - 9. Let h be v(-8). Let r = 346 - h. Is r composite?
False
Let k be ((-13)/4)/(2/8). Let f = -7 - k. Suppose 5*t - 36 + f = 0. Is t a composite number?
True
Let k(j) = -2*j**3 - 5*j**2 + 4*j + 3. Let r be k(-4). Suppose 18 = 2*f - 5*b, f + 2*b - r = -2*b. Is f a prime number?
True
Let j = -1052 + 1533. Is j composite?
True
Let i(h) = -7*h**2 + 15*h + 10. Let b(y) = 11*y**2 - 22*y - 15. Let d be -1 + 18/(5 - 2). Let l(m) = d*b(m) + 8*i(m). Is l(9) a composite number?
True
Let b(t) = t**3 + 16*t**2 + 15*t - 2. Let x be b(-11). Suppose 9 - 1 = 2*j, -2*u + x = j. Is u a prime number?
False
Let x be (-1)/5 + 3/15. Suppose x*t + t + 40 = 0. Let s = t - -89. Is s a composite number?
True
Is (-6133)/(-15) + 14/105 a prime number?
True
Suppose -2*q = -6*q + 12. Suppose 13 = n - q*y - 12, 4*y + 55 = 3*n. Is n composite?
False
Suppose -2*i + 16 + 4 = 4*v, -5*v + 4*i = 1. Suppose -4*c = 2*m - 78 + 26, v*c + 78 = 3*m. Is m composite?
True
Let d(v) = 4*v**3 + 2*v**2 + 4*v - 7. Let g(o) = 2*o**2 - 3*o + 3. Let c be g(2). Let f be d(c). Suppose -2*y - 587 = -5*j - 4, -3*y + f = 5*j. Is j prime?
False
Let v be (-48)/10 + 1/(-5). Let h(m) be the third derivative of -m**4 + m**3/6 + m**2. Is h(v) a prime number?
False
Suppose -3135 = 2*j + 3*l, 5*l - 222 - 4471 = 3*j. Let d = -677 - j. Is d a prime number?
False
Suppose -3*f = 2*f - 50. Is 3968/f + (-9)/(-45) composite?
False
Let g(t) = -30*t - 5. Is g(-2) composite?
True
Let o(n) = -n**2 - 6*n - 1. Let z(w) = 0*w**2 + 2 + 15*w + 2*w + 3*w**2. Let f(s) = 11*o(s) + 4*z(s). Is f(8) prime?
False
Suppose -12308 = -5*t - 3*u, 5*t + 5*u = 6*t - 2456. Is t prime?
False
Suppose -4*b + 91 = -313. Suppose 5*a - b = 489. Is a a prime number?
False
Suppose 5*g - 3 - 12 = 0. Suppose k - 4*k - 315 = -4*q, q - g*k - 81 = 0. Is q + (6/(-3))/(-2) composite?
False
Let q = 5 + 4. Let v(i) = 9*i - 9. Let n be v(q). Suppose -4*z = -n - 12. Is z a prime number?
False
Let f(n) = -n**3 + 6*n**2 + 4*n - 5. Let l be (2 + 6)*(-9)/(-12). Is f(l) a composite number?
False
Let l(k) = -788*k + 7. Let t be l(8). Is 4/22 + t/(-33) a prime number?
True
Let z(d) = 2*d - 3 - d**2 + 12*d**2 - 3*d - 3*d. Is z(4) a composite number?
False
Let j = -61 + 94. Suppose -j + 138 = -5*b. Let h = 100 + b. Is h composite?
False
Suppose 2*b - 3*b + 5 = 2*f, 0 = -3*f + 3. Let g(n) be the first derivative of 17*n**2/2 + 4*n + 2. Is g(b) composite?
True
Let m(a) = -a + 8. Let k be m(-7). Suppose -3*n - k = -5*z, 5*z + 0*n - 2*n = 10. Let i = 6 + z. Is i prime?
False
Let p(d) = -d + 2. Let w be p(0). Suppose 4*y = -w*y + 2406. Is y a composite number?
False
Let g(b) = -b**3 - 6*b**2 - b + 4. Let h be g(-6). Let r = h + 33. Is r prime?
True
Let v(y) = 110*y + 3. Let t be v(2). Let u = t + -12. Is u prime?
True
Let b(s) = s**2 - 5*s + 10. Let y be b(-14). Is (26/(-4))/((-6)/y) composite?
True
Let g be (-1)/2 + (-55)/(-10). Suppose -4*v + 16 = -n, -5*v = -g*n + 3*n - 17. Suppose 2*k + n*a + 2 = 0, 4*a - 5 = -7*k + 4*k. Is k a composite number?
False
Suppose -3*w = -2061 - 420. Suppose 3*h + 122 - w = 0. Is h a composite number?
True
Suppose 3*b = -c + 2, c - 2*b - 2 = b. Suppose -c*z + z + 307 = 0. Is z a composite number?
False
Let c(r) be the first derivative of 16*r**3/3 - 2*r**2 + 2*r + 2. Let m be c(3). Suppose 2*n + 0*n = m. Is n prime?
True
Let l(z) = 10*z - 5 + 9*z + 7*z + 23*z. Is l(4) composite?
False
Let q(z) = 7*z**3 - z - 1. Let u be q(-1). Let c(b) = -4*b - 9. Is c(u) prime?
True
Let s(j) = j**3 + 1068. Let k be s(0). Suppose -c + 5*c = k. Is c prime?
False
Suppose 3*u - 144 = -0*a - 3*a, -u - 144 = -3*a. Suppose -4*m = 4*x + a, -5*m + 3*x - 25 = 11. Let f = 60 + m. Is f a composite number?
True
Let b = -67 + 142. Let v = -38 + b. Is v a composite number?
False
Suppose -21*z = -20*z - 211. Is z a composite number?
False
Suppose 3*n - 4 = 8. Is (-2 - -291) + n + -2 a composite number?
True
Suppose 0*i - 4*i + 131 = 3*b, 4*i - 4*b = 152. Is i a prime number?
False
Let h = 131 + -54. Is h a prime number?
False
Suppose -l + 2*l - 85 = 0. Let q = -27 + l. Is q a prime number?
False
Let t be 2/4 + (-68)/(-8). Suppose 0 = t*w - 7*w - 8. Is 1/(w/(-6) + 1) composite?
False
Let a(w) = -w**3 - 8*w**2 + 9*w + 6. Let p(v) = 4*v**3 + 25*v**2 - 28*v - 18. Let d(l) = 7*a(l) + 2*p(l). Let z be d(6). Let g = z + 35. Is g prime?
True
Suppose -2*y = -11 - 1. Is (1 - (-27)/y)*34 prime?
False
Let t(w) = -17*w - 6. Is t(-5) a composite number?
False
Let w = 126 - 268. Let t(j) = -3*j**3 + 8*j**2 - 6*j + 6. Let s be t(5). Let f = w - s. Is f prime?
False
Is (-49)/(-14) - 3 - 1857/(-2) composite?
False
Is 9/27 + (-164)/(-3) a composite number?
True
Suppose 2*f - 44 = 1038. Is f a composite number?
False
Let j be 3 - 1*(1 - 0). Suppose -j*b = -7*b + 95. Is b composite?
False
Let k be 18/6 + (-1 - 0). Suppose k*a + 138 = 5*a. Suppose l = 2*l - a. Is l a prime number?
False
Let t = -228 + 338. Suppose 86 = -2*c - 0*l + 3*l, c - l = -43. Let v = t + c. Is v a composite number?
False
Let v = -31 + -6. Let m = v - -72. Is m a prime number?
False
Suppose 0 = -11*y + 19*y - 712. Is y composite?
False
Is (-60879)/(-63) + 4/6 a composite number?
False
Suppose -1 = -z + 1. Suppose -5*w + z*w + 18 = 0. Is w a composite number?
True
Let d = 5 + -6. Is (2 - 2)*d - -115 prime?
False
Suppose -x - 1 = 1. Let n = 1 + x. Is (n/3)/(4/(-564)) a composite number?
False
Suppose k = 2*k - 3*o - 1, -4*k = -5*o + 3. Let w = 16 + k. Let l = 9 + w. Is l a composite number?
False
Is (2/((-4)/(-1838)))/1 a prime number?
True
Suppose 2*z = -z + 30. Let x be ((-18)/30)/((-2)/z). Suppose 5*m + 117 = x*u - 58, 6 = -3*m. Is u a prime number?
False
Let x(h) = 9*h**2 - 5. Is x(-10) a prime number?
False
Let k(p) = p**2 + 6*p - 10. Let v be k(-8). Suppose -v*i + 12 = -3*i. Suppose 0 = i*j + j - 335. Is j prime?
True
Let n(r) = -4*r - 4. Let c be n(-3). Suppose -2*m - 